What is the remainder when 393 is divided by 52?
29
What is the remainder when 667 is divided by 33?
7
What is the remainder when 353 is divided by 45?
38
Calculate the remainder when 21 is divided by 13.
8
What is the remainder when 276 is divided by 131?
14
Calculate the remainder when 341 is divided by 4.
1
Calculate the remainder when 68 is divided by 7.
5
What is the remainder when 530 is divided by 54?
44
Calculate the remainder when 3602 is divided by 26.
14
Calculate the remainder when 1481 is divided by 170.
121
What is the remainder when 542 is divided by 202?
138
What is the remainder when 38 is divided by 9?
2
What is the remainder when 1116 is divided by 112?
108
Calculate the remainder when 390 is divided by 64.
6
Calculate the remainder when 285 is divided by 34.
13
What is the remainder when 28013 is divided by 58?
57
What is the remainder when 701 is divided by 16?
13
Calculate the remainder when 1708 is divided by 560.
28
What is the remainder when 1583 is divided by 525?
8
What is the remainder when 607 is divided by 188?
43
Calculate the remainder when 3130 is divided by 13.
10
What is the remainder when 161 is divided by 45?
26
What is the remainder when 177 is divided by 37?
29
What is the remainder when 105 is divided by 55?
50
What is the remainder when 30 is divided by 11?
8
What is the remainder when 2149 is divided by 85?
24
Calculate the remainder when 1098 is divided by 35.
13
What is the remainder when 522 is divided by 136?
114
Calculate the remainder when 293 is divided by 102.
89
What is the remainder when 445 is divided by 13?
3
What is the remainder when 1606 is divided by 67?
65
Calculate the remainder when 367 is divided by 25.
17
What is the remainder when 371 is divided by 75?
71
Calculate the remainder when 416 is divided by 12.
8
Calculate the remainder when 116 is divided by 24.
20
Calculate the remainder when 226 is divided by 59.
49
Calculate the remainder when 17565 is divided by 18.
15
Calculate the remainder when 3224 is divided by 12.
8
Calculate the remainder when 575 is divided by 45.
35
Calculate the remainder when 101 is divided by 3.
2
What is the remainder when 167 is divided by 14?
13
Calculate the remainder when 123 is divided by 25.
23
What is the remainder when 664 is divided by 19?
18
Calculate the remainder when 558 is divided by 21.
12
What is the remainder when 1115 is divided by 38?
13
What is the remainder when 62 is divided by 9?
8
What is the remainder when 1117 is divided by 26?
25
Calculate the remainder when 92 is divided by 51.
41
What is the remainder when 142 is divided by 60?
22
Calculate the remainder when 28 is divided by 13.
2
What is the remainder when 374 is divided by 38?
32
Calculate the remainder when 5532 is divided by 15.
12
Calculate the remainder when 523 is divided by 44.
39
What is the remainder when 851 is divided by 213?
212
What is the remainder when 838 is divided by 84?
82
Calculate the remainder when 176 is divided by 61.
54
What is the remainder when 164 is divided by 19?
12
Calculate the remainder when 554 is divided by 189.
176
Calculate the remainder when 4744 is divided by 190.
184
Calculate the remainder when 9801 is divided by 22.
11
What is the remainder when 3839 is divided by 16?
15
What is the remainder when 970 is divided by 19?
1
Calculate the remainder when 340 is divided by 87.
79
Calculate the remainder when 515 is divided by 47.
45
What is the remainder when 116 is divided by 16?
4
Calculate the remainder when 658 is divided by 99.
64
What is the remainder when 550 is divided by 40?
30
What is the remainder when 36 is divided by 27?
9
What is the remainder when 136 is divided by 18?
10
Calculate the remainder when 308 is divided by 78.
74
What is the remainder when 24 is divided by 11?
2
Calculate the remainder when 71 is divided by 63.
8
Calculate the remainder when 106 is divided by 45.
16
What is the remainder when 455 is divided by 50?
5
Calculate the remainder when 1804 is divided by 1785.
19
What is the remainder when 1359 is divided by 40?
39
Calculate the remainder when 42 is divided by 9.
6
What is the remainder when 94 is divided by 25?
19
Calculate the remainder when 656 is divided by 20.
16
What is the remainder when 1546 is divided by 261?
241
Calculate the remainder when 276 is divided by 40.
36
Calculate the remainder when 219 is divided by 74.
71
What is the remainder when 223 is divided by 57?
52
What is the remainder when 93 is divided by 8?
5
What is the remainder when 1649 is divided by 71?
16
Calculate the remainder when 313 is divided by 15.
13
Calculate the remainder when 82 is divided by 31.
20
What is the remainder when 565 is divided by 66?
37
What is the remainder when 628 is divided by 143?
56
Calculate the remainder when 906 is divided by 13.
9
Calculate the remainder when 17458 is divided by 15.
13
Calculate the remainder when 435 is divided by 35.
15
Calculate the remainder when 1160 is divided by 171.
134
What is the remainder when 2249 is divided by 748?
5
What is the remainder when 832 is divided by 42?
34
Calculate the remainder when 362 is divided by 155.
52
What is the remainder when 1023 is divided by 196?
43
Calculate the remainder when 808 is divided by 112.
24
What is the remainder when 11 is divided by 6?
5
What is the remainder when 123 is divided by 35?
18
What is the remainder when 6819 is divided by 10?
9
What is the remainder when 42 is divided by 34?
8
Calculate the remainder when 651 is divided by 638.
13
What is the remainder when 28 is divided by 2?
0
What is the remainder when 488 is divided by 123?
119
Calculate the remainder when 54 is divided by 28.
26
What is the remainder when 1102 is divided by 532?
38
Calculate the remainder when 396 is divided by 40.
36
What is the remainder when 2884 is divided by 59?
52
What is the remainder when 561 is divided by 38?
29
Calculate the remainder when 1335 is divided by 174.
117
What is the remainder when 971 is divided by 164?
151
What is the remainder when 151 is divided by 150?
1
What is the remainder when 253 is divided by 51?
49
Calculate the remainder when 130 is divided by 9.
4
Calculate the remainder when 163 is divided by 17.
10
Calculate the remainder when 35 is divided by 9.
8
Calculate the remainder when 1104 is divided by 27.
24
Calculate the remainder when 37 is divided by 9.
1
Calculate the remainder when 242 is divided by 7.
4
What is the remainder when 69 is divided by 18?
15
Calculate the remainder when 227 is divided by 30.
17
What is the remainder when 31503 is divided by 176?
175
What is the remainder when 468 is divided by 371?
97
What is the remainder when 358 is divided by 60?
58
What is the remainder when 2090 is divided by 150?
140
Calculate the remainder when 334 is divided by 42.
40
What is the remainder when 144 is divided by 9?
0
What is the remainder when 1230 is divided by 202?
18
Calculate the remainder when 8123 is divided by 129.
125
What is the remainder when 439 is divided by 10?
9
What is the remainder when 151 is divided by 150?
1
Calculate the remainder when 103 is divided by 46.
11
Calculate the remainder when 594 is divided by 75.
69
Calculate the remainder when 538 is divided by 202.
134
Calculate the remainder when 1334 is divided by 27.
11
What is the remainder when 293 is divided by 3?
2
Calculate the remainder when 125 is divided by 45.
35
Calculate the remainder when 49 is divided by 18.
13
Calculate the remainder when 933 is divided by 84.
9
What is the remainder when 167 is divided by 21?
20
What is the remainder when 18155 is divided by 40?
35
Calculate the remainder when 1826 is divided by 29.
28
Calculate the remainder when 280 is divided by 71.
67
What is the remainder when 178 is divided by 13?
9
Calculate the remainder when 1961 is divided by 25.
11
What is the remainder when 427 is divided by 28?
7
Calculate the remainder when 416 is divided by 105.
101
What is the remainder when 128 is divided by 12?
8
Calculate the remainder when 48 is divided by 34.
14
What is the remainder when 36778 is divided by 347?
343
What is the remainder when 509 is divided by 64?
61
Calculate the remainder when 1038 is divided by 257.
10
What is the remainder when 8671 is divided by 32?
31
Calculate the 